)) + 32)?
-18
What is -46 + -95 + 106 + (3 - 4 - -2)?
-34
What is 33 + 3 - (78 + (-119 - -64))?
13
Calculate -16 - (-11 - (-23 + -3)).
-31
What is -10 + (23 + -1 - 5) + (35 - 4)?
38
What is (-13 - -33) + -58 + 6 + 46?
14
Evaluate (394 - 386) + (4 + -7 - -62) + -5.
62
5 + -12 + (111 - 325 - -167)
-54
Calculate 9 + (12 - 4 - 24) + -12.
-19
What is (5 - (-8 - -13)) + (7 - (-8 + 12)) + 44?
47
What is 62 + -6 - (-29 - (-51 + 15 + 15))?
64
What is -6 - (3 - (-2 + 1)) - (-1490 + 1489)?
-9
Calculate 28 + -34 + -19 - -56.
31
What is 35 - (26 - (1 - -21)) - (0 + -1)?
32
What is 4 + -87 - (-87 - (-6 + -50))?
-52
What is the value of 59 - (-27 - -143) - -25?
-32
(0 - -19) + (-231 + 283 - 146)
-75
Calculate -6 - (4 - (7 + 5) - -45 - 9).
-34
Evaluate -4 + -82 - (701 + -831).
44
What is -1 + -61 + (-11 + 42 - 9)?
-40
-6 - (32 - (6 + -29) - 35)
-26
What is the value of (61 - 32 - -18) + (-14 - -3)?
36
What is (-8 - 4 - -6) + -12 + -10 + 7?
-21
Evaluate 102 + -31 - 57 - 32.
-18
(-1 - -2) + -78 + 0 + 24996 + -24982
-63
2 + -4 + 1 - ((13 - -35) + -44)
-5
What is the value of 9 - (-32 + -1 + 421 + -419)?
40
(-1 - 10) + (-1 - -4 - (-74 + (94 - 16)))
-12
What is -13 + 0 + 0 + -17 + 54 - -18?
42
-9 - (-12 + (10 - (8 - -53)))
54
What is the value of 3 + -35 + 47 + 2?
17
Calculate -41 - (-26 + 14 + (24 - 2) + -7).
-44
What is the value of -109 - -9 - ((3 - (-7 - -6)) + -16 - -10)?
-98
What is (38 + 56 + -112 - (0 - 17)) + 50?
49
Evaluate 91 + (43 - -57) - 111.
80
Evaluate 2 + (8 + -4 - (21 - (3 - -9))).
-3
What is the value of 1 + (2 - 2) + 11 - (152 - 123)?
-17
Calculate -34 + 43 + 2 + (-3 - (10 + -2)).
0
What is -182 - -253 - (25 - (1 + 1))?
48
What is (-19 - (12 - 39)) + -1 - (-104 + 2)?
109
What is 26 - (-44 - (-64 - -27)) - -14?
47
What is (-1 - (1 - (4 + 9))) + -10 + 27?
28
Evaluate (0 - -2 - ((4 + -11 - 44) + 5)) + -1.
47
What is -202 + 269 - 113 - (-126 + -1)?
81
(-21 - 37 - -29) + 20
-9
What is -45 + 1 + -1 + -1 - (-12068 - -12065)?
-43
What is (27 - 16) + 4 + 0 + -13?
2
Calculate 3 + -6 - -15 - (3 + 22 + -16 + -62).
65
(5 - 5 - -96) + -46 - (15 + 2)
33
What is (1 - (2 - 1)) + (-21 + -3 + 31 - 2)?
5
Evaluate 58 - (-20 + 37 + -23 - (-5 + 10)).
69
What is the value of -3 + 4 + -3 + (-31 + -10 - 23)?
-66
Evaluate (1 - 3) + (-37 - -108) + -100.
-31
What is the value of -42 + (37 - 9) - (13 + 1)?
-28
What is the value of (-30 - -87) + -16 + -24?
17
Calculate (-23 - -24 - 8) + 23 + 21 + -12.
25
(-7 - -10 - 7) + (122 - 133)
-15
Evaluate -4 - (92 + (-52 - -35)) - -11.
-68
Evaluate 13 - (51 - (22 - (1 + 11 + -6))).
-22
Calculate 11 + (3 - 2) + (105 - 13) + -203.
-99
Evaluate (2 - -124) + (4897 - 4982).
41
What is the value of 27 - ((-22 - 34) + 81)?
2
What is 27 - (12 - 1 - (-23 + -43 + 74))?
24
Evaluate (2 - 0 - -70) + 6 + -16 + 5.
67
Calculate 4 - (17 + -51) - (-2 - (12 - (-2 + 10))).
44
What is the value of 9 + -10 + -89 + 51?
-39
Evaluate (3 - 62) + 101 + 33.
75
Evaluate -6 - (-100 + (5 - (0 - -31)) + 19).
101
Calculate (75 - -4) + -79 - -6.
6
What is (13 - (7 + 9 + -5 + 2)) + -7 + 11?
4
-683 + 416 - (-1 - 146)
-120
87 - (-28 - -61 - -1)
53
Evaluate (1 - (-14 + -2)) + (-1920 - -1927).
24
-18 - -6 - (-69 - (1 + 1) - (-1181 + 1176))
54
What is the value of -217 + (21 - -85) + 58?
-53
What is the value of -29 + (-41 + 54 - -3)?
-13
What is the value of (19 + -17 - -59 - 22) + -23 - 29?
-13
Evaluate (24 - (58 - 11)) + (2 - -7).
-14
Evaluate 15 + -24 - (-16 + 6).
1
(10 - (18 - 6)) + -12 + (80 - -7)
73
-79 + -38 - (-27 + -83)
-7
-146 - (-3 - (43 - (-39 - -58)))
-119
0 + 7 - 1 - (309 - 299)
-4
-15 + (-20 - 18) + 82
29
What is the value of (3 - (46 + -2)) + (2 - (10 - 0))?
-49
What is -62 - (-1 - -21 - (19 - 11))?
-74
Evaluate (-7 - (-13 + 23 + (-7 - (0 + 0)))) + 24.
14
Calculate -18 - 8 - ((0 - 4) + (65 - 70)).
-17
Calculate 102 + -5 - (1280 - 1174).
-9
6 + (-23 - 1) + 5
-13
What is -7 + -42 + -28 + 58 + (0 + 2 - -57)?
40
What is (-2 - -1 - -30) + -107 + 11 + 100?
33
What is 13 + -77 + 39 - (-11 - 3)?
-11
Calculate 22 + (-183 - -176) + (13 - 0).
28
What is -7 - (-26 - (-31 - -20) - (-1 - -44))?
51
Evaluate (2 - 6) + (-27 - (-44 - 15)) - 4.
24
What is (10 - (12 - 1)) + 57 - -18?
74
Evaluate 35 + -42 + -28 - (31 - -35).
-101
43 - (-46 + 110 - 69)
48
(-1 - 1) + (11 - (60 - 119))
68
What is the value of -3 + (0 - 56) + 23 + -3 + -35?
-74
Evaluate -68 - ((-132 - -69) + -31).
26
Calculate -66 - (-47 + 118 + -106).
-31
Calculate 131 - ((-198 - -138) + 128).
63
What is -36 - (-88 + -23 - -55)?
20
What is the value of (-1 - 7) + (-337 - -273)?
-72
Evaluate -31 - (-35 - -62 - 44).
-14
What is the value of 111 - 173 - (11 + -30)?
-43
What is the value of 51 - ((37 - 34) + 50)?
-2
What is the value of 7 - ((4 - 18 - -20) + -22)?
23
What is (-9 + (-18 - -6) - 6) + (-5 - 0) + -2?
-34
Evaluate (202 - 71) + -97 + (1 - 117).
-82
Calculate 176 + (26 + -86 - 24).
92
What is (-18 - (-101 + 17)) + -109?
-43
What is the value of -56 - -44 - (12 - 9 - (-103 - (3 + -6)))?
-115
What is (25 + -27 - -10) + -45?
-37
Calculate 1 + (2 - -12 - 3) + (-83 - 1) + 6.
-66
Calculate 2 + (1 - 1) + -57 + 64 + -20.
-11
What is the value of -61 + (-1 + 16 + -94 + 63 - -11)?
-66
What is the value of -2 - -9 - (62 - (-9 - -9))?
-55
Evaluate 17 - (12 - (10 - (9 - (-10 + 23)))).
19
What is 6 + (2 - 3) + 1285 + -1330?
-40
Calculate 85 + -32 - 78 - -64.
39
34 + -25 + (-3 - (0 + 44)) + -2
-40
-1 - -3 - (-78 + 95) - (16 + 17)
-48
What is the value of (3 - 25) + 6 + 5 + (-188 - -292)?
93
Evaluate -15 - -1 - -10 - (7 + 11 - (-10 + 42)).
10
(36 - -23) + -33 - ((-5 - -13) + -12)
30
(-6 + -15 - 7) + (52 - 3)
21
Calculate -4 + (5 - (-122 + 63)).
60
(-4 + -3 - 25) + 11 + 15 + 89
83
43 + -83 + 145 + -3 + -30
72
Evaluate 328 - 433 - (24 - 4) - -38.
-87
What is 3 - (465 - 470 - (1 - 14))?
-5
What is the value of 29 + -1 - (21 + (20 - (20 - 9 - -31)))?
29
28 + -155 - ((5 - (8 + -8) - -5) + -20)
-117
What is 5 - (18 - 20) - -10 - -17?
34
What is the value of -4 + 10 + 21 + -18 + 22 + 2?
33
25 - (-49 + 143 + -36)
-33
What is (-256 - -259) + (23 - -6)?
32
What is the value of 1898 - 1892 - (-1 + (-3 - -68))?
-58
What is (32 - -1) + (100 - 162 - -64)?
35
What is the value of -25 - (121 + -89 - -2)?
-59
Calculate 0 + (36 - (-8 + 8 + -1 + 9) - -7).
35
Evaluate 44 - 31 - ((-6 - 1) + -4).
24
Evaluate 55 - (6 - (0 - -10 - (-143 - -160))).
42
Calculate -2 + 18 - ((0 - 3) + (-37 - (-54 + 21))).
23
What is the value of -71 - (-195 + 130 + -32)?
26
-7 + 40 + -14 + 21 + 1
41
-52 + 77 + (-7 - (-130 + -1)) + 1
150
6660 + -6621 - (1 - 12)
50
2 + 0 + (-9124 - -9028)
-94
Evaluate -111 + 69 - -54 - 14.
-2
Evaluate (-3 - -8 - -1 - -1) + (46 - 38) + 35.
50
Evaluate -3 + (-21 - -2) + 30.
8
What is the value of -120 + (-154 - -133) - -7?
-134
Calculate (-15 - (12 + -20)) + -2 + 2 + 3 + 7.
3
-1 - 2 - (-7 + 9) - (-17 + -81 - -11)
82
What is (-35 + 63 - 17) + -13 + 59?
57
What is the value of -19 + 120 + (21 - 38) - 26?
58
What is (0 - 2 - (6 - 28)) + -61 + 37 + 14?
10
What is (57 + 7 + -3 - 1) + (-57 - (-84 - -24))?
63
Evaluate 10 + (-6 - -41) + -23 - 4.
18
-4 - (-54 + (5 - 16) + (6 - 6))
61
Calculate 2 + 8 + (-80 - -45).
-25
Calculate 3 + (-64 - (-16 + 20) - (2 - 4)).
-63
Calculate (-17 - (10 - (13 + -4))) + 2.
-16
What is -4 + (-4 - 2) - ((13 - -1) + (-253 - -296))?
-67
What is the value of 32 + -20 + 24 + -30?
6
Calculate 1 + -2 - (96 - -1) - ((-578 - -199) + 373).
-92
Evaluate 8 + -1 - (-7 - -6 - (14 + -33 + 5)).
-6
Evaluate -6 + -17 + -1 - 7.
-31
What is 113 - (47 - -95) - (1 - -15)?
-45
What is 23 + -16 - 21 - -20 - (50 - 0)?
-44
What is -2 + -3 + 96 + (-25 - (-35 - -1))?
100
Calculate (-8 - -9 - (1 + -4)) + -65 + -56 + 160.
43
Calculate -236 - -227 - (0 + -3) - -56.
50
Calculate (-3 - 0) + 3 + (-6 + 21 - (7 + -69)).
77
Calculate 69 - (50 + (-22 - -19)).
22
Evaluate 5 - (-1 - (-5 - -4)) - (108 - 72 - 62).
31
Calculate -19 + (-33 + 9 - -58) - 23.
-8
6 + (-5 - -10 - (16 - -37))
-42
What is the value of 33 + 74 + -114 + -34?
-41
What is the value of 91 - (1 + -1) - (9694 + -9662)?
59
-47 + 2 + (-201 - -284)
38
Evaluate -71 - -85 - (-5 - (-9 - 7)).
3
What is -1644 + 1585 - (9 - -3)?
-71
What is -18 - (102 - 46) - -54?
-20
Calculate -11 + 6 + -7 + -54 + 61 + -1 + 87.
81
Calculate 1 - (82 + 13 + -85).
-9
Evaluate -214 + 222 - (1 + 6 + -24).
25
What i